{"id":1265,"date":"2024-02-12T18:47:26","date_gmt":"2024-02-12T17:47:26","guid":{"rendered":"https:\/\/puertoacapulco.com.mx\/?page_id=1265"},"modified":"2026-02-17T08:44:53","modified_gmt":"2026-02-17T14:44:53","slug":"tarifas_infraestructura","status":"publish","type":"page","link":"https:\/\/puertoacapulco.com.mx\/index.php\/tarifas_infraestructura\/","title":{"rendered":"TARIFAS"},"content":{"rendered":"\n<p>TARIFAS POR EL USO DE INFRAESTRUCTURA PORTUARIA, APLICABLE EN EL RECINTO PORTUARIO DE ACAPULCO, GRO.<\/p>\n\n\n\n<p><strong>l. NIVELES DE COBRO<\/strong><\/p>\n\n\n\n<p><\/p>\n\n\n\n<p class=\"has-text-color has-link-color wp-elements-853e0beae6b271ce3e6a6743cc20ef16\" style=\"color:#000fff\">&nbsp;<\/p>\n\n\n\n<div class=\"wp-block-columns is-layout-flex wp-container-2 wp-block-columns-is-layout-flex\">\n<div class=\"wp-block-column is-layout-flow wp-block-column-is-layout-flow\" style=\"flex-basis:100%\">\n<figure class=\"wp-block-table is-style-stripes\"><table class=\"has-border-color has-black-border-color\"><tbody><tr><td colspan=\"2\"><strong>TARIFAS APLICABLES A CRUCEROS<\/strong><\/td><\/tr><tr><td class=\"has-text-align-left\" data-align=\"left\"><strong>Concepto<\/strong><\/td><td><strong>Cuota Pesos<\/strong><\/td><\/tr><tr><td class=\"has-text-align-left\" data-align=\"left\">Puerto Variable: Por Unidad de Arqueo Bruto o<br>Tonelada de Registro Bruto.<\/td><td>3.07<\/td><\/tr><tr><td class=\"has-text-align-left\" data-align=\"left\">Atraque: &nbsp;Por cada metro eslora por hora o fracci\u00f3n.<\/td><td>1.25<\/td><\/tr><tr><td class=\"has-text-align-left\" data-align=\"left\">Embarque\/ Desembarque: Por pasajero.<\/td><td>&nbsp;<br>46.89<\/td><\/tr><\/tbody><\/table><\/figure>\n<\/div>\n<\/div>\n\n\n\n<p class=\"has-text-color has-link-color wp-elements-c38c5ef607972c5155d3d1d7ace2d379\" style=\"color:#000fff\"><a href=\"https:\/\/puertoacapulco.com.mx\/wp-content\/uploads\/2026\/02\/2756-TARIFAS-AUTORIZADAS.pdf\" target=\"_blank\" rel=\"noreferrer noopener\">Click para ver el archivo<\/a><\/p>\n\n\n\n<div class=\"wp-block-columns is-layout-flex wp-container-4 wp-block-columns-is-layout-flex\">\n<div class=\"wp-block-column is-layout-flow wp-block-column-is-layout-flow\" style=\"flex-basis:100%\">\n<figure class=\"wp-block-table is-style-stripes\"><table class=\"has-border-color has-black-border-color\"><tbody><tr><td colspan=\"2\"><strong>TARIFAS APLICABLES A BUQUES RO \u2013 RO<\/strong><\/td><\/tr><tr><td class=\"has-text-align-left\" data-align=\"left\"><strong>Concepto<\/strong><\/td><td><strong>Cuota Pesos<\/strong><\/td><\/tr><tr><td class=\"has-text-align-left\" data-align=\"left\">Puerto Fijo: &nbsp;Por embarcaci\u00f3n<\/td><td>21,769.70<\/td><\/tr><tr><td class=\"has-text-align-left\" data-align=\"left\">Puerto Variable: Por Unidad de Arqueo Bruto o<br>Tonelada de Registro Bruto<\/td><td>2.82<\/td><\/tr><tr><td class=\"has-text-align-left\" data-align=\"left\">Atraque: &nbsp;Por cada metro eslora por hora o fracci\u00f3n<\/td><td>6.47<\/td><\/tr><tr><td class=\"has-text-align-left\" data-align=\"left\">Muellaje: &nbsp;Por tonelada embarcada o desembarcada<\/td><td>8.49<\/td><\/tr><\/tbody><\/table><\/figure>\n<\/div>\n<\/div>\n\n\n\n<p class=\"has-text-color has-link-color wp-elements-c38c5ef607972c5155d3d1d7ace2d379\" style=\"color:#000fff\"><a href=\"https:\/\/puertoacapulco.com.mx\/wp-content\/uploads\/2026\/02\/2756-TARIFAS-AUTORIZADAS.pdf\" target=\"_blank\" rel=\"noreferrer noopener\">Click para ver el archivo<\/a><\/p>\n\n\n\n<div class=\"wp-block-columns is-layout-flex wp-container-6 wp-block-columns-is-layout-flex\">\n<div class=\"wp-block-column is-layout-flow wp-block-column-is-layout-flow\" style=\"flex-basis:100%\">\n<figure class=\"wp-block-table is-style-stripes\"><table class=\"has-border-color has-black-border-color\"><tbody><tr><td colspan=\"2\"><strong>TARIFAS DE PUERTO VARIABLE APLICABLES A BUQUES RO \u2013 RO<\/strong><\/td><\/tr><tr><td class=\"has-text-align-left\" data-align=\"left\"><strong>Arribos por mes y por Agencia Naviera<\/strong><\/td><td><strong>Cuota Pesos<\/strong><\/td><\/tr><tr><td class=\"has-text-align-left\" data-align=\"left\">De 1 a la 4<\/td><td>2.82<\/td><\/tr><tr><td class=\"has-text-align-left\" data-align=\"left\">De 5 a 7<\/td><td>2.43<\/td><\/tr><tr><td class=\"has-text-align-left\" data-align=\"left\">De 8 en adelante<\/td><td>2.33<\/td><\/tr><\/tbody><\/table><\/figure>\n<\/div>\n<\/div>\n\n\n\n<p class=\"has-text-color has-link-color wp-elements-c38c5ef607972c5155d3d1d7ace2d379\" style=\"color:#000fff\"><a href=\"https:\/\/puertoacapulco.com.mx\/wp-content\/uploads\/2026\/02\/2756-TARIFAS-AUTORIZADAS.pdf\" target=\"_blank\" rel=\"noreferrer noopener\">Click para ver el archivo<\/a><\/p>\n\n\n\n<div class=\"wp-block-columns is-layout-flex wp-container-8 wp-block-columns-is-layout-flex\">\n<div class=\"wp-block-column is-layout-flow wp-block-column-is-layout-flow\" style=\"flex-basis:100%\">\n<figure class=\"wp-block-table is-style-stripes\"><table class=\"has-border-color has-black-border-color\"><tbody><tr><td colspan=\"2\"><strong>TARIFAS APLICABLES A BUQUES QUE TRANSPORTAN HIDROCARBUROS<\/strong><\/td><\/tr><tr><td class=\"has-text-align-left\" data-align=\"left\"><strong>Concepto<\/strong><\/td><td><strong>Cuota Pesos<\/strong><\/td><\/tr><tr><td class=\"has-text-align-left\" data-align=\"left\">Puerto Fijo: &nbsp;Por embarcaci\u00f3n<\/td><td>16,215.87<\/td><\/tr><tr><td class=\"has-text-align-left\" data-align=\"left\">Puerto Variable: Por Unidad de Arqueo Bruto o<br>Tonelada de Registro Bruto<\/td><td>2.71<\/td><\/tr><\/tbody><\/table><\/figure>\n<\/div>\n<\/div>\n\n\n\n<p class=\"has-text-color has-link-color wp-elements-c38c5ef607972c5155d3d1d7ace2d379\" style=\"color:#000fff\"><a href=\"https:\/\/puertoacapulco.com.mx\/wp-content\/uploads\/2026\/02\/2756-TARIFAS-AUTORIZADAS.pdf\" target=\"_blank\" rel=\"noreferrer noopener\">Click para ver el archivo<\/a><\/p>\n\n\n\n<div class=\"wp-block-columns is-layout-flex wp-container-10 wp-block-columns-is-layout-flex\">\n<div class=\"wp-block-column is-layout-flow wp-block-column-is-layout-flow\" style=\"flex-basis:100%\">\n<figure class=\"wp-block-table is-style-stripes\"><table class=\"has-border-color has-black-border-color\"><tbody><tr><td colspan=\"2\"><strong>TARIFAS APLICABLES A BUQUES DE CARGA GENERAL EN TR\u00c1FICO DE CABOTAJE<\/strong><\/td><\/tr><tr><td class=\"has-text-align-left\" data-align=\"left\"><strong>Concepto<\/strong><\/td><td><strong>Cuota Pesos<\/strong><\/td><\/tr><tr><td class=\"has-text-align-left\" data-align=\"left\">Puerto Fijo: Por embarcaci\u00f3n<\/td><td>14,898.77<\/td><\/tr><tr><td class=\"has-text-align-left\" data-align=\"left\">Puerto Variable: Por Unidad de Arqueo Bruto o<br>Tonelada de Registro Bruto<\/td><td>2.01<\/td><\/tr><tr><td class=\"has-text-align-left\" data-align=\"left\">Atraque en muelles no especializados:<br>Por cada metro eslora por hora o fracci\u00f3n<\/td><td>3.56<\/td><\/tr><tr><td class=\"has-text-align-left\" data-align=\"left\">Muellaje: Por tonelada embarcada o desembarcada<\/td><td>6.77<\/td><\/tr><\/tbody><\/table><\/figure>\n<\/div>\n<\/div>\n\n\n\n<p class=\"has-text-color has-link-color wp-elements-c38c5ef607972c5155d3d1d7ace2d379\" style=\"color:#000fff\"><a href=\"https:\/\/puertoacapulco.com.mx\/wp-content\/uploads\/2026\/02\/2756-TARIFAS-AUTORIZADAS.pdf\" target=\"_blank\" rel=\"noreferrer noopener\">Click para ver el archivo<\/a><\/p>\n\n\n\n<h2 class=\"wp-block-heading\">REGLAS&nbsp; &nbsp;DE APLICACI\u00d3N<\/h2>\n\n\n\n<p style=\"text-align: justify; text-transform: none;\"><strong>1. <\/strong>Las presentes tarifas se refieren al cobro por el uso de infraestructura portuaria por los conceptos de Puerto, Atraque, Muellaje, Embarque\/Desembarque de Pasajeros, aplicables a las embarcaciones que utilicen las instalaciones concesionadas a la Administraci\u00f3n del Sistema Portuario Nacional Acapulco S.A. de C.V. (ASIPONA Acapulco), dichas tarifas se aplicar\u00e1n sin distinci\u00f3n de personas f\u00edsicas o morales.<\/p>\n\n\n\n<p style=\"text-align: justify; justify; text-transform: none;\"><strong>2. <\/strong>Para efectos del c\u00e1lculo de las cuotas por el\u00bb uso de infraestructura portuaria por el concepto de Puerto Variable, se considerar\u00e1 el Tonelaje de Registro Bruto (TRB) de la embarcaci\u00f3n, que se encuentre registrado en el Certificado de Arqueo (Tonnage 69), a falta de \u00e9ste, se puede sustituir por el Ship\u2019s Particulars, Certificado del Canal de Panam\u00e1 o el de Canal de Suez, cerrando la fracci\u00f3n a tonelada .<\/p>\n\n\n\n<p style=\"text-align: justify; justify; text-transform: none;\">Para el concepto de Atraque, se tomar\u00e1 la eslora total del buque reportada en los documentos mencionados en el p\u00e1rrafo que antecede, cerrando la fracci\u00f3n a metros y fracci\u00f3n mayor de 15 minutos a hora.<\/p>\n\n\n\n<p style=\"text-align: justify;justify; text-transform: none;\">Respecto al Muellaje, se tomar\u00e1 el peso bruto de las mercanc\u00edas embarcadas o desembarcadas, que se registre en el pedimento de importaci\u00f3n o exportaci\u00f3n y\/o manifiesto de carga, seg\u00fan sea el caso.<\/p>\n\n\n\n<p style=\"text-align: justify; justify; text-transform: none;>En lo relativo al embarque\/desembarque de pasajeros, se aplicar\u00e1 por el total de pasajeros que transporte la embarcaci\u00f3n.<\/p>\n\n\n\n<p style=\"text-align: justify; justify; text-transform: none;\"><strong>3. <\/strong>La ASIPONA Acapulco podr\u00e1 otorgar descuentos a los usuarios en las cuotas de Puerto,Atraque, Muellaje y Embarque\/Desembarque de pasajeros que utilicen las instalaciones del \u00e1rea concesionada, previa aprobaci\u00f3n de su Consejo de Administraci\u00f3n.<\/p>\n\n\n\n<p style=\"text-align: justify; justify; text-transform: none;\"><strong>4. <\/strong>La ASIPONA Acapulco aplicar\u00e1 un descuento del 50 por ciento de la cuota de Atraque, aplicable durante el tiempo que la embarcaci\u00f3n que se encuentre atracada, se vea imposibilitada a zarpar por haberse cerrado el puerto a la navegaci\u00f3n por disposici\u00f3n de la Autoridad Mar\u00edtima.<\/p>\n\n\n\n<p style=\"text-align: justify; justify; text-transform: none;\"><strong>5. <\/strong>Las embarcaciones comerciales abarloadas, arrejeradas y acoderadas de manera directa o indirecta al muelle, pagar\u00e1n el 50% de la cuota de Atraque.<\/p>\n\n\n\n<p style=\"text-align: justify; justify; text-transform: none;\"><strong>6. <\/strong>El pago de las cuotas de Puerto y Atraque para cualquier tipo de embarcaci\u00f3n debe cubrirse a m\u00e1s tardar, dentro de los 3 d\u00edas h\u00e1biles siguientes contados a partir del zarpe del buque. Para el pago de la cuota de Puerto, se considera que la embarcaci\u00f3n arrib\u00f3 al puerto desde que cruza la l\u00ednea imaginaria entre la punta Yerba buena y Punta Bruja, conocidos como l\u00edmite del puerto.<\/p>\n\n\n\n<p style=\"text-align: justify; justify; text-transform: none;\">Para el Atraque, se considera atracada cuando la embarcaci\u00f3n haya encapillado su primer cabo en las bitas, y termina el Atraque, cuando sea haya desencapillado el ultimo cabo de la bita.<\/p>\n\n\n\n<p style=\"text-align: justify; justify; text-transform: none;\"><strong>7. <\/strong>La tarifa de Muellaje, se cubrir\u00e1 por tonelada o fracci\u00f3n de los bienes o mercanc\u00edas que carguen o descarguen en los muelles acorde a la informaci\u00f3n del pedimento, dentro de los 3 d\u00edas h\u00e1biles siguientes contados a partir del zarpe del buque.<\/p>\n\n\n\n<p style=\"text-align: justify; justify; text-transform: none;\"><strong>8. <\/strong>El pago de la cuota por Embarque y\/o Desembarque de Pasajeros, debe cubrirse a m\u00e1s tardar al d\u00eda en que se cause. En caso de ser; s\u00e1bado, domingo o d\u00eda festivo, se cubrir\u00e1 en el siguiente d\u00eda h\u00e1bil.<\/p>\n\n\n\n<p style=\"text-align: justify; justify; text-transform: none;\"><strong>9. <\/strong>En los t\u00e9rminos de la fracci\u00f3n 11 del Art\u00edculo 48 y la fracci\u00f3n 111 del Art\u00edculo 49 de la Ley de Navegaci\u00f3n y Comercio Mar\u00edtimos, el Capit\u00e1n de Puerto exigir\u00e1 para el despacho de cada embarcaci\u00f3n, la presentaci\u00f3n del comprobante de no adeudo o garant\u00eda de pago de las cuotas causadas.<\/p>\n\n\n\n<p style=\"text-align: justify; justify; text-transform: none;\">Se admitir\u00e1 garant\u00eda respecto del pago de las cuotas causadas para todo tipo de embarcaciones, cuando se otorguen en los t\u00e9rminos de lo dispuesto por la ASIPONA Acapulco.<\/p>\n\n\n\n<p style=\"text-align: justify; justify; text-transform: none;\"><strong>10. <\/strong>Cuando los usuarios no cubran los importes generados por el uso de infraestructura portuaria en los tiempos se\u00f1alados en los puntos 6, 7 y 8 de la presente tarifa, causar\u00e1n intereses moratorios a raz\u00f3n de 1.5 veces la Tasa de Inter\u00e9s lnterbancaria de Equilibrio (TllE) a 28 (veintiocho d\u00edas). o la tasa que la sustituya, por cada mes o fracci\u00f3n de mes que trascurra a partir del d\u00eda en que debi\u00f3 hacerse el pago y hasta que el mismo se efect\u00fae, sin menoscabo de las sanciones que la Autoridad Mar\u00edtima le imponga.<\/p>\n\n\n\n<p style=\"text-align: justify; justify; text-transform: none;\"><strong>11. <\/strong>Los pagos por el uso de la infraestructura portuaria se efectuar\u00e1n en el domicilio fiscal de la Administraci\u00f3n del Sistema Portuario Nacional Acapulco, S.A. de C.V., en horario de oficina, comprendido de las 08:00 a las 16:00 horas, de lunes a viernes, por cada pago la ASIPONA Acapulco emitir\u00e1 el CFDI correspondiente.<\/p>\n\n\n\n<p style=\"text-align: justify; justify; text-transform: none;\"><strong>12. <\/strong>Las quejas y consultas ser\u00e1n atendidas por la ASIPONA Acapulco. Cuando fuera el caso y en \u00e1mbito de su competencia, se someter\u00e1n a la opini\u00f3n del Comit\u00e9 de Operaci\u00f3n del Puerto y, en caso de que el planteamiento no sea resuelto,se remitir\u00e1 a la Direcci\u00f3n General de Puertos para su dictamen.<\/p>\n\n\n\n<p style=\"text-align: justify; justify; text-transform: none;\"><strong>13. <\/strong>.Los casos no previstos en la presente tarifa ser\u00e1n objeto de convenio entre el ASIPONA Acapulco y el usuario; de no darse as\u00ed, la consulta deber\u00e1 turnarse a la Direcci\u00f3n General de Puertos de la Secretar\u00eda de Marina.<\/p>\n\n\n\n<p class=\"has-text-color has-link-color wp-elements-69d49f19a8a7172b0744d2f2aa3423eb\" style=\"color:#000fff\"><a href=\"https:\/\/puertoacapulco.com.mx\/wp-content\/uploads\/2026\/02\/2756-TARIFAS-AUTORIZADAS.pdf\" target=\"_blank\" rel=\"noopener\" title=\"Click para ver el archivo\">Click para ver el archivo<\/a><\/p>\n","protected":false},"excerpt":{"rendered":"<p>TARIFAS POR EL USO DE INFRAESTRUCTURA PORTUARIA, APLICABLE EN EL RECINTO PORTUARIO DE ACAPULCO, GRO. l. NIVELES DE COBRO &nbsp;<\/p>\n","protected":false},"author":1,"featured_media":0,"parent":0,"menu_order":0,"comment_status":"closed","ping_status":"closed","template":"","meta":{"footnotes":""},"aioseo_notices":[],"yoast_head":"<!-- This site is optimized with the Yoast SEO plugin v22.1 - https:\/\/yoast.com\/wordpress\/plugins\/seo\/ -->\n<title>TARIFAS - ASIPONA ACAPULCO<\/title>\n<meta name=\"robots\" content=\"index, follow, max-snippet:-1, max-image-preview:large, max-video-preview:-1\" \/>\n<link rel=\"canonical\" href=\"https:\/\/puertoacapulco.com.mx\/index.php\/tarifas_infraestructura\/\" \/>\n<meta property=\"og:locale\" content=\"es_ES\" \/>\n<meta property=\"og:type\" content=\"article\" \/>\n<meta property=\"og:title\" content=\"TARIFAS - ASIPONA ACAPULCO\" \/>\n<meta property=\"og:description\" content=\"TARIFAS POR EL USO DE INFRAESTRUCTURA PORTUARIA, APLICABLE EN EL RECINTO PORTUARIO DE ACAPULCO, GRO. l. NIVELES DE COBRO &nbsp;\" \/>\n<meta property=\"og:url\" content=\"https:\/\/puertoacapulco.com.mx\/index.php\/tarifas_infraestructura\/\" \/>\n<meta property=\"og:site_name\" content=\"ASIPONA ACAPULCO\" \/>\n<meta property=\"article:publisher\" content=\"https:\/\/www.facebook.com\/PuertoAca\" \/>\n<meta property=\"article:modified_time\" content=\"2026-02-17T14:44:53+00:00\" \/>\n<meta property=\"og:image\" content=\"https:\/\/puertoacapulco.com.mx\/wp-content\/uploads\/2023\/09\/cropped-LOGO-ASIPONA-EN-CURVAS-COLOR-BLANCO-Y-NEGRO-01-1.png\" \/>\n\t<meta property=\"og:image:width\" content=\"2838\" \/>\n\t<meta property=\"og:image:height\" content=\"3005\" \/>\n\t<meta property=\"og:image:type\" content=\"image\/png\" \/>\n<meta name=\"twitter:card\" content=\"summary_large_image\" \/>\n<meta name=\"twitter:site\" content=\"@PuertoAca\" \/>\n<meta name=\"twitter:label1\" content=\"Tiempo de lectura\" \/>\n\t<meta name=\"twitter:data1\" content=\"5 minutos\" \/>\n<script type=\"application\/ld+json\" class=\"yoast-schema-graph\">{\"@context\":\"https:\/\/schema.org\",\"@graph\":[{\"@type\":\"WebPage\",\"@id\":\"https:\/\/puertoacapulco.com.mx\/index.php\/tarifas_infraestructura\/\",\"url\":\"https:\/\/puertoacapulco.com.mx\/index.php\/tarifas_infraestructura\/\",\"name\":\"TARIFAS - ASIPONA ACAPULCO\",\"isPartOf\":{\"@id\":\"https:\/\/puertoacapulco.com.mx\/#website\"},\"datePublished\":\"2024-02-12T17:47:26+00:00\",\"dateModified\":\"2026-02-17T14:44:53+00:00\",\"breadcrumb\":{\"@id\":\"https:\/\/puertoacapulco.com.mx\/index.php\/tarifas_infraestructura\/#breadcrumb\"},\"inLanguage\":\"es\",\"potentialAction\":[{\"@type\":\"ReadAction\",\"target\":[\"https:\/\/puertoacapulco.com.mx\/index.php\/tarifas_infraestructura\/\"]}]},{\"@type\":\"BreadcrumbList\",\"@id\":\"https:\/\/puertoacapulco.com.mx\/index.php\/tarifas_infraestructura\/#breadcrumb\",\"itemListElement\":[{\"@type\":\"ListItem\",\"position\":1,\"name\":\"Portada\",\"item\":\"https:\/\/puertoacapulco.com.mx\/\"},{\"@type\":\"ListItem\",\"position\":2,\"name\":\"TARIFAS\"}]},{\"@type\":\"WebSite\",\"@id\":\"https:\/\/puertoacapulco.com.mx\/#website\",\"url\":\"https:\/\/puertoacapulco.com.mx\/\",\"name\":\"ASIPONA ACAPULCO\",\"description\":\"Administraci\u00f3n del Sistema Portuario Nacional Acapulco, S.A. de C.V.\",\"publisher\":{\"@id\":\"https:\/\/puertoacapulco.com.mx\/#organization\"},\"potentialAction\":[{\"@type\":\"SearchAction\",\"target\":{\"@type\":\"EntryPoint\",\"urlTemplate\":\"https:\/\/puertoacapulco.com.mx\/?s={search_term_string}\"},\"query-input\":\"required name=search_term_string\"}],\"inLanguage\":\"es\"},{\"@type\":\"Organization\",\"@id\":\"https:\/\/puertoacapulco.com.mx\/#organization\",\"name\":\"ASIPONA ACAPULCO\",\"url\":\"https:\/\/puertoacapulco.com.mx\/\",\"logo\":{\"@type\":\"ImageObject\",\"inLanguage\":\"es\",\"@id\":\"https:\/\/puertoacapulco.com.mx\/#\/schema\/logo\/image\/\",\"url\":\"https:\/\/puertoacapulco.com.mx\/wp-content\/uploads\/2023\/09\/cropped-LOGO-ASIPONA-EN-CURVAS-COLOR-BLANCO-Y-NEGRO-01-1.png\",\"contentUrl\":\"https:\/\/puertoacapulco.com.mx\/wp-content\/uploads\/2023\/09\/cropped-LOGO-ASIPONA-EN-CURVAS-COLOR-BLANCO-Y-NEGRO-01-1.png\",\"width\":2838,\"height\":3005,\"caption\":\"ASIPONA ACAPULCO\"},\"image\":{\"@id\":\"https:\/\/puertoacapulco.com.mx\/#\/schema\/logo\/image\/\"},\"sameAs\":[\"https:\/\/www.facebook.com\/PuertoAca\",\"https:\/\/twitter.com\/PuertoAca\"]}]}<\/script>\n<!-- \/ Yoast SEO plugin. -->","yoast_head_json":{"title":"TARIFAS - ASIPONA ACAPULCO","robots":{"index":"index","follow":"follow","max-snippet":"max-snippet:-1","max-image-preview":"max-image-preview:large","max-video-preview":"max-video-preview:-1"},"canonical":"https:\/\/puertoacapulco.com.mx\/index.php\/tarifas_infraestructura\/","og_locale":"es_ES","og_type":"article","og_title":"TARIFAS - ASIPONA ACAPULCO","og_description":"TARIFAS POR EL USO DE INFRAESTRUCTURA PORTUARIA, APLICABLE EN EL RECINTO PORTUARIO DE ACAPULCO, GRO. l. NIVELES DE COBRO &nbsp;","og_url":"https:\/\/puertoacapulco.com.mx\/index.php\/tarifas_infraestructura\/","og_site_name":"ASIPONA ACAPULCO","article_publisher":"https:\/\/www.facebook.com\/PuertoAca","article_modified_time":"2026-02-17T14:44:53+00:00","og_image":[{"width":2838,"height":3005,"url":"https:\/\/puertoacapulco.com.mx\/wp-content\/uploads\/2023\/09\/cropped-LOGO-ASIPONA-EN-CURVAS-COLOR-BLANCO-Y-NEGRO-01-1.png","type":"image\/png"}],"twitter_card":"summary_large_image","twitter_site":"@PuertoAca","twitter_misc":{"Tiempo de lectura":"5 minutos"},"schema":{"@context":"https:\/\/schema.org","@graph":[{"@type":"WebPage","@id":"https:\/\/puertoacapulco.com.mx\/index.php\/tarifas_infraestructura\/","url":"https:\/\/puertoacapulco.com.mx\/index.php\/tarifas_infraestructura\/","name":"TARIFAS - ASIPONA ACAPULCO","isPartOf":{"@id":"https:\/\/puertoacapulco.com.mx\/#website"},"datePublished":"2024-02-12T17:47:26+00:00","dateModified":"2026-02-17T14:44:53+00:00","breadcrumb":{"@id":"https:\/\/puertoacapulco.com.mx\/index.php\/tarifas_infraestructura\/#breadcrumb"},"inLanguage":"es","potentialAction":[{"@type":"ReadAction","target":["https:\/\/puertoacapulco.com.mx\/index.php\/tarifas_infraestructura\/"]}]},{"@type":"BreadcrumbList","@id":"https:\/\/puertoacapulco.com.mx\/index.php\/tarifas_infraestructura\/#breadcrumb","itemListElement":[{"@type":"ListItem","position":1,"name":"Portada","item":"https:\/\/puertoacapulco.com.mx\/"},{"@type":"ListItem","position":2,"name":"TARIFAS"}]},{"@type":"WebSite","@id":"https:\/\/puertoacapulco.com.mx\/#website","url":"https:\/\/puertoacapulco.com.mx\/","name":"ASIPONA ACAPULCO","description":"Administraci\u00f3n del Sistema Portuario Nacional Acapulco, S.A. de C.V.","publisher":{"@id":"https:\/\/puertoacapulco.com.mx\/#organization"},"potentialAction":[{"@type":"SearchAction","target":{"@type":"EntryPoint","urlTemplate":"https:\/\/puertoacapulco.com.mx\/?s={search_term_string}"},"query-input":"required name=search_term_string"}],"inLanguage":"es"},{"@type":"Organization","@id":"https:\/\/puertoacapulco.com.mx\/#organization","name":"ASIPONA ACAPULCO","url":"https:\/\/puertoacapulco.com.mx\/","logo":{"@type":"ImageObject","inLanguage":"es","@id":"https:\/\/puertoacapulco.com.mx\/#\/schema\/logo\/image\/","url":"https:\/\/puertoacapulco.com.mx\/wp-content\/uploads\/2023\/09\/cropped-LOGO-ASIPONA-EN-CURVAS-COLOR-BLANCO-Y-NEGRO-01-1.png","contentUrl":"https:\/\/puertoacapulco.com.mx\/wp-content\/uploads\/2023\/09\/cropped-LOGO-ASIPONA-EN-CURVAS-COLOR-BLANCO-Y-NEGRO-01-1.png","width":2838,"height":3005,"caption":"ASIPONA ACAPULCO"},"image":{"@id":"https:\/\/puertoacapulco.com.mx\/#\/schema\/logo\/image\/"},"sameAs":["https:\/\/www.facebook.com\/PuertoAca","https:\/\/twitter.com\/PuertoAca"]}]}},"_links":{"self":[{"href":"https:\/\/puertoacapulco.com.mx\/index.php\/wp-json\/wp\/v2\/pages\/1265"}],"collection":[{"href":"https:\/\/puertoacapulco.com.mx\/index.php\/wp-json\/wp\/v2\/pages"}],"about":[{"href":"https:\/\/puertoacapulco.com.mx\/index.php\/wp-json\/wp\/v2\/types\/page"}],"author":[{"embeddable":true,"href":"https:\/\/puertoacapulco.com.mx\/index.php\/wp-json\/wp\/v2\/users\/1"}],"replies":[{"embeddable":true,"href":"https:\/\/puertoacapulco.com.mx\/index.php\/wp-json\/wp\/v2\/comments?post=1265"}],"version-history":[{"count":57,"href":"https:\/\/puertoacapulco.com.mx\/index.php\/wp-json\/wp\/v2\/pages\/1265\/revisions"}],"predecessor-version":[{"id":2866,"href":"https:\/\/puertoacapulco.com.mx\/index.php\/wp-json\/wp\/v2\/pages\/1265\/revisions\/2866"}],"wp:attachment":[{"href":"https:\/\/puertoacapulco.com.mx\/index.php\/wp-json\/wp\/v2\/media?parent=1265"}],"curies":[{"name":"wp","href":"https:\/\/api.w.org\/{rel}","templated":true}]}}